{"id":206,"date":"2020-04-13T11:12:08","date_gmt":"2020-04-13T11:12:08","guid":{"rendered":"http:\/\/petrock.pl\/?page_id=206"},"modified":"2020-04-13T20:14:48","modified_gmt":"2020-04-13T20:14:48","slug":"kasety-mc","status":"publish","type":"page","link":"https:\/\/petrock.pl\/?page_id=206","title":{"rendered":"Kasety MC"},"content":{"rendered":"\n<p>Zam\u00f3wienia prosz\u0119 wysy\u0142a\u0107 na adres:&nbsp;<a href=\"mailto:plockascenarockowa@gmail.com\">plockascenarockowa@gmail.com<\/a><\/p>\n\n\n\n<p>Wysy\u0142ka CD, MC, DVD \u2013 10 PLN<\/p>\n\n\n\n<p>Wysy\u0142ka winyli: 15 PLN<\/p>\n\n\n\n<hr class=\"wp-block-separator\"\/>\n\n\n\n<div class=\"wp-block-media-text alignwide is-stacked-on-mobile\"><figure class=\"wp-block-media-text__media\"><img decoding=\"async\" loading=\"lazy\" width=\"960\" height=\"723\" src=\"http:\/\/petrock.pl\/wp-content\/uploads\/2020\/04\/54463223_2146964175386380_9114206041343524864_n.jpg\" alt=\"\" class=\"wp-image-260\" srcset=\"https:\/\/petrock.pl\/wp-content\/uploads\/2020\/04\/54463223_2146964175386380_9114206041343524864_n.jpg 960w, https:\/\/petrock.pl\/wp-content\/uploads\/2020\/04\/54463223_2146964175386380_9114206041343524864_n-300x226.jpg 300w, https:\/\/petrock.pl\/wp-content\/uploads\/2020\/04\/54463223_2146964175386380_9114206041343524864_n-768x578.jpg 768w, https:\/\/petrock.pl\/wp-content\/uploads\/2020\/04\/54463223_2146964175386380_9114206041343524864_n-326x245.jpg 326w, https:\/\/petrock.pl\/wp-content\/uploads\/2020\/04\/54463223_2146964175386380_9114206041343524864_n-80x60.jpg 80w\" sizes=\"(max-width: 960px) 100vw, 960px\" \/><\/figure><div class=\"wp-block-media-text__content\">\n<p>Wykonawca:&nbsp;<a href=\"https:\/\/www.facebook.com\/schrottersburg\/\" target=\"_blank\" rel=\"noreferrer noopener\">Schr\u00f6ttersburg<\/a><\/p>\n\n\n\n<p>Wydawca:&nbsp;<a href=\"https:\/\/www.facebook.com\/estaboyrec\/\" target=\"_blank\" rel=\"noreferrer noopener\">Estaboy Rec.<\/a><\/p>\n\n\n\n<p>Tytu\u0142: Krew<\/p>\n\n\n\n<p>Rok wydania: 2019<\/p>\n\n\n\n<p>Liczba no\u015bnik\u00f3w: 1<\/p>\n\n\n\n<p>Rodzaj no\u015bnika: kaseta magnetofonowa<\/p>\n\n\n\n<p>Cena: 20 PLN<\/p>\n<\/div><\/div>\n","protected":false},"excerpt":{"rendered":"<div class=\"mh-excerpt\"><p>Zam\u00f3wienia prosz\u0119 wysy\u0142a\u0107 na adres:&nbsp;plockascenarockowa@gmail.com Wysy\u0142ka CD, MC, DVD \u2013 10 PLN Wysy\u0142ka winyli: 15 PLN Wykonawca:&nbsp;Schr\u00f6ttersburg Wydawca:&nbsp;Estaboy Rec. Tytu\u0142: Krew Rok wydania: 2019 Liczba <a class=\"mh-excerpt-more\" href=\"https:\/\/petrock.pl\/?page_id=206\" title=\"Kasety MC\">[&#8230;]<\/a><\/p>\n<\/div>","protected":false},"author":7,"featured_media":0,"parent":0,"menu_order":0,"comment_status":"closed","ping_status":"closed","template":"","meta":[],"yoast_head":"<!-- This site is optimized with the Yoast SEO plugin v21.1 - https:\/\/yoast.com\/wordpress\/plugins\/seo\/ -->\n<title>Kasety MC - P\u0142ocka Scena Rockowa<\/title>\n<meta name=\"robots\" content=\"index, follow, max-snippet:-1, max-image-preview:large, max-video-preview:-1\" \/>\n<link rel=\"canonical\" href=\"https:\/\/petrock.pl\/?page_id=206\" \/>\n<meta property=\"og:locale\" content=\"pl_PL\" \/>\n<meta property=\"og:type\" content=\"article\" \/>\n<meta property=\"og:title\" content=\"Kasety MC - P\u0142ocka Scena Rockowa\" \/>\n<meta property=\"og:description\" content=\"Zam\u00f3wienia prosz\u0119 wysy\u0142a\u0107 na adres:&nbsp;plockascenarockowa@gmail.com Wysy\u0142ka CD, MC, DVD \u2013 10 PLN Wysy\u0142ka winyli: 15 PLN Wykonawca:&nbsp;Schr\u00f6ttersburg Wydawca:&nbsp;Estaboy Rec. Tytu\u0142: Krew Rok wydania: 2019 Liczba [...]\" \/>\n<meta property=\"og:url\" content=\"https:\/\/petrock.pl\/?page_id=206\" \/>\n<meta property=\"og:site_name\" content=\"P\u0142ocka Scena Rockowa\" \/>\n<meta property=\"article:modified_time\" content=\"2020-04-13T20:14:48+00:00\" \/>\n<meta property=\"og:image\" content=\"http:\/\/petrock.pl\/wp-content\/uploads\/2020\/04\/54463223_2146964175386380_9114206041343524864_n.jpg\" \/>\n<meta name=\"twitter:card\" content=\"summary_large_image\" \/>\n<script type=\"application\/ld+json\" class=\"yoast-schema-graph\">{\"@context\":\"https:\/\/schema.org\",\"@graph\":[{\"@type\":\"WebPage\",\"@id\":\"https:\/\/petrock.pl\/?page_id=206\",\"url\":\"https:\/\/petrock.pl\/?page_id=206\",\"name\":\"Kasety MC - P\u0142ocka Scena Rockowa\",\"isPartOf\":{\"@id\":\"https:\/\/petrock.pl\/#website\"},\"datePublished\":\"2020-04-13T11:12:08+00:00\",\"dateModified\":\"2020-04-13T20:14:48+00:00\",\"breadcrumb\":{\"@id\":\"https:\/\/petrock.pl\/?page_id=206#breadcrumb\"},\"inLanguage\":\"pl-PL\",\"potentialAction\":[{\"@type\":\"ReadAction\",\"target\":[\"https:\/\/petrock.pl\/?page_id=206\"]}]},{\"@type\":\"BreadcrumbList\",\"@id\":\"https:\/\/petrock.pl\/?page_id=206#breadcrumb\",\"itemListElement\":[{\"@type\":\"ListItem\",\"position\":1,\"name\":\"Strona g\u0142\u00f3wna\",\"item\":\"https:\/\/petrock.pl\/\"},{\"@type\":\"ListItem\",\"position\":2,\"name\":\"Kasety MC\"}]},{\"@type\":\"WebSite\",\"@id\":\"https:\/\/petrock.pl\/#website\",\"url\":\"https:\/\/petrock.pl\/\",\"name\":\"P\u0142ocka Scena Rockowa\",\"description\":\"Wywiady Biografie Koncerty Recenzje\",\"potentialAction\":[{\"@type\":\"SearchAction\",\"target\":{\"@type\":\"EntryPoint\",\"urlTemplate\":\"https:\/\/petrock.pl\/?s={search_term_string}\"},\"query-input\":\"required name=search_term_string\"}],\"inLanguage\":\"pl-PL\"}]}<\/script>\n<!-- \/ Yoast SEO plugin. -->","yoast_head_json":{"title":"Kasety MC - P\u0142ocka Scena Rockowa","robots":{"index":"index","follow":"follow","max-snippet":"max-snippet:-1","max-image-preview":"max-image-preview:large","max-video-preview":"max-video-preview:-1"},"canonical":"https:\/\/petrock.pl\/?page_id=206","og_locale":"pl_PL","og_type":"article","og_title":"Kasety MC - P\u0142ocka Scena Rockowa","og_description":"Zam\u00f3wienia prosz\u0119 wysy\u0142a\u0107 na adres:&nbsp;plockascenarockowa@gmail.com Wysy\u0142ka CD, MC, DVD \u2013 10 PLN Wysy\u0142ka winyli: 15 PLN Wykonawca:&nbsp;Schr\u00f6ttersburg Wydawca:&nbsp;Estaboy Rec. Tytu\u0142: Krew Rok wydania: 2019 Liczba [...]","og_url":"https:\/\/petrock.pl\/?page_id=206","og_site_name":"P\u0142ocka Scena Rockowa","article_modified_time":"2020-04-13T20:14:48+00:00","og_image":[{"url":"http:\/\/petrock.pl\/wp-content\/uploads\/2020\/04\/54463223_2146964175386380_9114206041343524864_n.jpg"}],"twitter_card":"summary_large_image","schema":{"@context":"https:\/\/schema.org","@graph":[{"@type":"WebPage","@id":"https:\/\/petrock.pl\/?page_id=206","url":"https:\/\/petrock.pl\/?page_id=206","name":"Kasety MC - P\u0142ocka Scena Rockowa","isPartOf":{"@id":"https:\/\/petrock.pl\/#website"},"datePublished":"2020-04-13T11:12:08+00:00","dateModified":"2020-04-13T20:14:48+00:00","breadcrumb":{"@id":"https:\/\/petrock.pl\/?page_id=206#breadcrumb"},"inLanguage":"pl-PL","potentialAction":[{"@type":"ReadAction","target":["https:\/\/petrock.pl\/?page_id=206"]}]},{"@type":"BreadcrumbList","@id":"https:\/\/petrock.pl\/?page_id=206#breadcrumb","itemListElement":[{"@type":"ListItem","position":1,"name":"Strona g\u0142\u00f3wna","item":"https:\/\/petrock.pl\/"},{"@type":"ListItem","position":2,"name":"Kasety MC"}]},{"@type":"WebSite","@id":"https:\/\/petrock.pl\/#website","url":"https:\/\/petrock.pl\/","name":"P\u0142ocka Scena Rockowa","description":"Wywiady Biografie Koncerty Recenzje","potentialAction":[{"@type":"SearchAction","target":{"@type":"EntryPoint","urlTemplate":"https:\/\/petrock.pl\/?s={search_term_string}"},"query-input":"required name=search_term_string"}],"inLanguage":"pl-PL"}]}},"_links":{"self":[{"href":"https:\/\/petrock.pl\/index.php?rest_route=\/wp\/v2\/pages\/206"}],"collection":[{"href":"https:\/\/petrock.pl\/index.php?rest_route=\/wp\/v2\/pages"}],"about":[{"href":"https:\/\/petrock.pl\/index.php?rest_route=\/wp\/v2\/types\/page"}],"author":[{"embeddable":true,"href":"https:\/\/petrock.pl\/index.php?rest_route=\/wp\/v2\/users\/7"}],"replies":[{"embeddable":true,"href":"https:\/\/petrock.pl\/index.php?rest_route=%2Fwp%2Fv2%2Fcomments&post=206"}],"version-history":[{"count":6,"href":"https:\/\/petrock.pl\/index.php?rest_route=\/wp\/v2\/pages\/206\/revisions"}],"predecessor-version":[{"id":281,"href":"https:\/\/petrock.pl\/index.php?rest_route=\/wp\/v2\/pages\/206\/revisions\/281"}],"wp:attachment":[{"href":"https:\/\/petrock.pl\/index.php?rest_route=%2Fwp%2Fv2%2Fmedia&parent=206"}],"curies":[{"name":"wp","href":"https:\/\/api.w.org\/{rel}","templated":true}]}}