{"id":2602,"date":"2021-04-08T10:19:42","date_gmt":"2021-04-08T08:19:42","guid":{"rendered":"http:\/\/petrock.pl\/?page_id=2602"},"modified":"2023-09-12T15:06:04","modified_gmt":"2023-09-12T13:06:04","slug":"darkness-dusty-boots","status":"publish","type":"page","link":"https:\/\/petrock.pl\/?page_id=2602","title":{"rendered":"Darkness\/Dusty Boots"},"content":{"rendered":"\n<div class=\"is-layout-flex wp-container-3 wp-block-columns\">\n<div class=\"is-layout-flow wp-block-column\" style=\"flex-basis:33.33%\">\n<figure class=\"wp-block-image size-large\"><a href=\"http:\/\/petrock.pl\/wp-content\/uploads\/2021\/04\/4.jpg\"><img decoding=\"async\" loading=\"lazy\" width=\"1944\" height=\"1336\" src=\"http:\/\/petrock.pl\/wp-content\/uploads\/2021\/04\/4-1024x704.jpg\" alt=\"\" class=\"wp-image-2854\" srcset=\"https:\/\/petrock.pl\/wp-content\/uploads\/2021\/04\/4-1024x704.jpg 1024w, https:\/\/petrock.pl\/wp-content\/uploads\/2021\/04\/4-300x206.jpg 300w, https:\/\/petrock.pl\/wp-content\/uploads\/2021\/04\/4-768x528.jpg 768w, https:\/\/petrock.pl\/wp-content\/uploads\/2021\/04\/4-1536x1056.jpg 1536w, https:\/\/petrock.pl\/wp-content\/uploads\/2021\/04\/4.jpg 1944w\" sizes=\"(max-width: 1944px) 100vw, 1944px\" \/><\/a><figcaption class=\"wp-element-caption\"><em>Pawe\u0142 Falac\u0144ski (1991r., Dom Technika), fot. dzi\u0119ki uprzejmo\u015bci S\u0142awka Adamskiego<\/em><\/figcaption><\/figure>\n\n\n\n<figure class=\"wp-block-image size-large\"><a href=\"http:\/\/petrock.pl\/wp-content\/uploads\/2021\/04\/174008445_156074666324964_1402484947403566550_n.jpg\"><img decoding=\"async\" loading=\"lazy\" width=\"1024\" height=\"768\" src=\"http:\/\/petrock.pl\/wp-content\/uploads\/2021\/04\/174008445_156074666324964_1402484947403566550_n-1024x768.jpg\" alt=\"\" class=\"wp-image-2867\" srcset=\"https:\/\/petrock.pl\/wp-content\/uploads\/2021\/04\/174008445_156074666324964_1402484947403566550_n-1024x768.jpg 1024w, https:\/\/petrock.pl\/wp-content\/uploads\/2021\/04\/174008445_156074666324964_1402484947403566550_n-300x225.jpg 300w, https:\/\/petrock.pl\/wp-content\/uploads\/2021\/04\/174008445_156074666324964_1402484947403566550_n-768x576.jpg 768w, https:\/\/petrock.pl\/wp-content\/uploads\/2021\/04\/174008445_156074666324964_1402484947403566550_n-1536x1152.jpg 1536w, https:\/\/petrock.pl\/wp-content\/uploads\/2021\/04\/174008445_156074666324964_1402484947403566550_n-678x509.jpg 678w, https:\/\/petrock.pl\/wp-content\/uploads\/2021\/04\/174008445_156074666324964_1402484947403566550_n-326x245.jpg 326w, https:\/\/petrock.pl\/wp-content\/uploads\/2021\/04\/174008445_156074666324964_1402484947403566550_n-80x60.jpg 80w, https:\/\/petrock.pl\/wp-content\/uploads\/2021\/04\/174008445_156074666324964_1402484947403566550_n.jpg 2000w\" sizes=\"(max-width: 1024px) 100vw, 1024px\" \/><\/a><figcaption class=\"wp-element-caption\">od lewej: Krzysiek \u017baglewski (gitara), S\u0142awek Adamski (perkusja), ty\u0142em stoi Krzysztof Kali\u0144ski<em> (<em>1991r., \u0141\u0119czyca<\/em>), fot. <em>dzi\u0119ki uprzejmo\u015bci S\u0142awka Adamskiego<\/em><\/em><\/figcaption><\/figure>\n\n\n\n<figure class=\"wp-block-image size-large\"><a href=\"http:\/\/petrock.pl\/wp-content\/uploads\/2021\/04\/2.jpg\"><img decoding=\"async\" loading=\"lazy\" width=\"743\" height=\"1024\" src=\"http:\/\/petrock.pl\/wp-content\/uploads\/2021\/04\/2-743x1024.jpg\" alt=\"\" class=\"wp-image-2865\" srcset=\"https:\/\/petrock.pl\/wp-content\/uploads\/2021\/04\/2-743x1024.jpg 743w, https:\/\/petrock.pl\/wp-content\/uploads\/2021\/04\/2-218x300.jpg 218w, https:\/\/petrock.pl\/wp-content\/uploads\/2021\/04\/2-768x1059.jpg 768w, https:\/\/petrock.pl\/wp-content\/uploads\/2021\/04\/2-1114x1536.jpg 1114w, https:\/\/petrock.pl\/wp-content\/uploads\/2021\/04\/2.jpg 1436w\" sizes=\"(max-width: 743px) 100vw, 743px\" \/><\/a><figcaption class=\"wp-element-caption\"><em>Grzegorz \u017baglewski i Krzysztof Kali\u0144ski (1991r., \u0141\u0119czyca), fot. <em>dzi\u0119ki uprzejmo\u015bci S\u0142awka Adamskiego<\/em><\/em><\/figcaption><\/figure>\n\n\n\n<figure class=\"wp-block-image size-large\"><a href=\"http:\/\/petrock.pl\/wp-content\/uploads\/2021\/04\/7.jpg\"><img decoding=\"async\" loading=\"lazy\" width=\"1024\" height=\"662\" src=\"http:\/\/petrock.pl\/wp-content\/uploads\/2021\/04\/7-1024x662.jpg\" alt=\"\" class=\"wp-image-2861\" srcset=\"https:\/\/petrock.pl\/wp-content\/uploads\/2021\/04\/7-1024x662.jpg 1024w, https:\/\/petrock.pl\/wp-content\/uploads\/2021\/04\/7-300x194.jpg 300w, https:\/\/petrock.pl\/wp-content\/uploads\/2021\/04\/7-768x497.jpg 768w, https:\/\/petrock.pl\/wp-content\/uploads\/2021\/04\/7-1536x993.jpg 1536w, https:\/\/petrock.pl\/wp-content\/uploads\/2021\/04\/7.jpg 1924w\" sizes=\"(max-width: 1024px) 100vw, 1024px\" \/><\/a><figcaption class=\"wp-element-caption\"><em>Krzysztof \u017baglewski i  S\u0142awek Adamski (1991r., P\u0142ock, Dom Technika, fot. <em>dzi\u0119ki uprzejmo\u015bci S\u0142awka Adamskiego<\/em><\/em><\/figcaption><\/figure>\n\n\n\n<figure class=\"wp-block-image size-large\"><a href=\"http:\/\/petrock.pl\/wp-content\/uploads\/2021\/04\/Zagiel.jpg\"><img decoding=\"async\" loading=\"lazy\" width=\"1024\" height=\"695\" src=\"http:\/\/petrock.pl\/wp-content\/uploads\/2021\/04\/Zagiel-1024x695.jpg\" alt=\"\" class=\"wp-image-2863\" srcset=\"https:\/\/petrock.pl\/wp-content\/uploads\/2021\/04\/Zagiel-1024x695.jpg 1024w, https:\/\/petrock.pl\/wp-content\/uploads\/2021\/04\/Zagiel-300x204.jpg 300w, https:\/\/petrock.pl\/wp-content\/uploads\/2021\/04\/Zagiel-768x522.jpg 768w, https:\/\/petrock.pl\/wp-content\/uploads\/2021\/04\/Zagiel-1536x1043.jpg 1536w, https:\/\/petrock.pl\/wp-content\/uploads\/2021\/04\/Zagiel.jpg 1957w\" sizes=\"(max-width: 1024px) 100vw, 1024px\" \/><\/a><figcaption class=\"wp-element-caption\"><em>Grzegorz &#8220;\u017bagiel&#8221; \u017baglewski (1991r., P\u0142ock, Dom Technika, fot. <em>dzi\u0119ki uprzejmo\u015bci S\u0142awka Adamskiego<\/em><\/em><\/figcaption><\/figure>\n<\/div>\n\n\n\n<div class=\"is-layout-flow wp-block-column\" style=\"flex-basis:66.66%\">\n<p>Zesp\u00f3\u0142 nowo-falowy, kt\u00f3ry powsta\u0142 w 1989 r. w P\u0142ocku. Trzon zespo\u0142u stanowili:  Grzegorz &#8220;\u017bagiel&#8221; \u017baglewski &#8211; gitara basowa , S\u0142awek Adamski &#8211; perkusja oraz Krzysztof \u017baglewski &#8211; gitara. Pierwsze pr\u00f3by odbywa\u0142y si\u0119 w mieszkaniach ch\u0142opak\u00f3w oraz w piwnicy bloku przy ul. Kochanowskiego. Chwil\u0119 p\u00f3\u017aniej zesp\u00f3\u0142 &#8220;nieoficjalnie&#8221; przeni\u00f3s\u0142 si\u0119 do SDK&#8217;u na Krzywoustego. Jak wspomina Krzysiek \u017baglewski: &#8220;Nie pami\u0119tam jak to si\u0119 sta\u0142o,  \u017ce zacz\u0119li\u015bmy gra\u0107 w SDK&#8217;u, ani kto nam to za\u0142atwi\u0142. Na pewno by\u0142 to okres wakacyjny i klub dzia\u0142a\u0142 na &#8220;p\u00f3l gwizdka&#8221;. Pami\u0119tam, \u017ce na pierwsze pr\u00f3by je\u017adzili\u015bmy stopem z Grabiny, gdzie akurat byli\u015bmy pod namiotem&#8221;. Pierwszym wokalist\u0105 zespo\u0142u zosta\u0142 Artur &#8220;Lalos&#8221; Chabowski, kt\u00f3ry opr\u00f3cz \u015bpiewania pogrywa\u0142 te\u017c&#8230; na flecie !<\/p>\n\n\n\n<p>Po wakacjach 1989 roku, zesp\u00f3\u0142 wyst\u0105pi\u0142 na przegl\u0105dzie zespo\u0142\u00f3w w SDK&#8217;u, kt\u00f3rego zosta\u0142 zwyci\u0119zc\u0105 i oficjalnie m\u00f3g\u0142 odbywa\u0107 pr\u00f3by w salce SDK&#8217;u. Salk\u0119 pr\u00f3b dzielili z inn\u0105 p\u0142ock\u0105 formacj\u0105 &#8211; Kos Koosh. W tamtym okresie powsta\u0142y m.in. utwory: Figure In Darkness, Dzie\u0144 Sybilla oraz Wirtuozi. Z powsta\u0142ym repertuarem zesp\u00f3\u0142 zaprezentowa\u0142 si\u0119 publicznie na koncercie w L.O. Jagie\u0142\u0142y w P\u0142ocku z okazji Dni Darmstadt. Jak si\u0119 p\u00f3\u017aniej okaza\u0142o by\u0142 to ostatni koncert na kt\u00f3rym za mikrofonem stan\u0105\u0142 Lalos. Jego miejsce zaj\u0105\u0142 Pawe\u0142 Falaci\u0144ski. Jak wspomina \u017bagiel:  &#8220;Przychodzi\u0142 do nasz taki nieznajomy go\u015b\u0107 do kanciapy. W og\u00f3le niez\u0142y frik. Po paru pr\u00f3bach po prostu zapyta\u0142 si\u0119 nas czy mo\u017ce za\u015bpiewa\u0107 do naszej muzyki. No i w taki spos\u00f3b do\u0142\u0105czy\u0142 do sk\u0142adu i zosta\u0142 naszym wokalist\u0105.&#8221; W tym sk\u0142adzie w 1991 roku zesp\u00f3\u0142 wyst\u0105pi\u0142 m.in. w p\u0142ockim Domu Technika ze Strajkiem, Farben Lehre oraz Rigor Mortiss (fragment tego koncertu zamieszczam w multimediach pod biografi\u0105 zespo\u0142u). Kolejny wyst\u0119p zesp\u00f3\u0142 zanotowa\u0142 w \u017byrardowie u boku punkowego zespo\u0142u z Holandii (niestety jego nazwy nikt ju\u017c nie pami\u0119ta). <\/p>\n\n\n\n<p>Pod koniec 1991 roku Paw\u0142owi zmieni\u0142y si\u0119 priorytety \u017cyciowe i postanowi\u0142 wyjecha\u0107 do Warszawy. W zwi\u0105zku z tym zesp\u00f3\u0142 postanowi\u0142 poszuka\u0107 nowego wokalisty. W taki spos\u00f3b w kapeli pojawi\u0142 si\u0119 Krzysztof &#8220;Kalina&#8221; Kali\u0144ski. Opr\u00f3cz zmiany wokalisty, zesp\u00f3\u0142 r\u00f3wnie\u017c zmieni\u0142 swoj\u0105 nazw\u0119 na Dusty Boots. W tym sk\u0142adzie, jesieni\u0105 1991 roku, ch\u0142opaki zagrali koncert w \u0141\u0119czycy (ca\u0142y koncert w wersji audio do ods\u0142uchu <a rel=\"noreferrer noopener\" href=\"https:\/\/plockascenarockowa.bandcamp.com\/album\/dusty-boots-koncert-w-czycy-1991\" data-type=\"URL\" data-id=\"https:\/\/plockascenarockowa.bandcamp.com\/album\/dusty-boots-koncert-w-czycy-1991\" target=\"_blank\">tutaj<\/a>). <\/p>\n\n\n\n<p>Na pocz\u0105tku 1992 o S\u0142awka Adamskiego upomnia\u0142o si\u0119 Wojsko Polskie, a \u017bagiel i Kalina postanowili gra\u0107 bardziej progresywne d\u017awi\u0119ki i powo\u0142ali do \u017cycia zesp\u00f3\u0142 Chubby Greg. W ten spos\u00f3b Darkness\/Dusty Boots zako\u0144czy\u0142o swoj\u0105 dzia\u0142alno\u015b\u0107. <\/p>\n\n\n\n<p><strong><em>Ostatni sk\u0142ad zespo\u0142u:<\/em><\/strong><\/p>\n\n\n\n<p>Grzegorz &#8220;\u017bagiel&#8221; \u017baglewski &#8211; gitara basowa <\/p>\n\n\n\n<p>S\u0142awek Adamski &#8211; perkusja<\/p>\n\n\n\n<p>Krzysiek \u017baglewski &#8211; gitara<\/p>\n\n\n\n<p>Krzysiek &#8220;Kalina&#8221; Kali\u0144ski &#8211; wokalista <\/p>\n\n\n\n<p><strong><em>Byli cz\u0142onkowie:<\/em><\/strong><\/p>\n\n\n\n<p>Pawe\u0142 Falaci\u0144ski &#8211; wokalista<\/p>\n\n\n\n<p>Artur &#8220;Lalos&#8221; Chabowski &#8211; wokalista<\/p>\n<\/div>\n<\/div>\n\n\n\n<hr class=\"wp-block-separator has-css-opacity\"\/>\n\n\n\n<p><strong>Multimedia:<\/strong><\/p>\n\n\n\n<figure class=\"wp-block-embed is-type-video is-provider-youtube wp-block-embed-youtube wp-embed-aspect-4-3 wp-has-aspect-ratio\"><div class=\"wp-block-embed__wrapper\">\n<iframe loading=\"lazy\" title=\"Darkness - koncert z Domu Technika (P\u0142ock 1991)\" width=\"500\" height=\"375\" src=\"https:\/\/www.youtube.com\/embed\/msfrdOITNvs?feature=oembed\" frameborder=\"0\" allow=\"accelerometer; autoplay; clipboard-write; encrypted-media; gyroscope; picture-in-picture\" allowfullscreen><\/iframe>\n<\/div><\/figure>\n\n\n\n<p><em>za pomoc w napisaniu biografii chcia\u0142em gor\u0105co podzi\u0119kowa\u0107 Krzysztofowi \u017baglewskiemu i Grzegorzowi \u017baglewskiemu. <\/em><\/p>\n\n\n\n<p><em>Wszystkie zdj\u0119cia podes\u0142a\u0142 S\u0142awek Adamski.<\/em><\/p>\n\n\n\n<p>M<em>ateria\u0142 video: http:\/\/stilon-c60.blogspot.com\/2017\/04\/darkness-dusty-boots-kapela-z-pocka.html<\/em><\/p>\n","protected":false},"excerpt":{"rendered":"<div class=\"mh-excerpt\"><p>Zesp\u00f3\u0142 nowo-falowy, kt\u00f3ry powsta\u0142 w 1989 r. w P\u0142ocku. Trzon zespo\u0142u stanowili: Grzegorz &#8220;\u017bagiel&#8221; \u017baglewski &#8211; gitara basowa , S\u0142awek Adamski &#8211; perkusja oraz Krzysztof <a class=\"mh-excerpt-more\" href=\"https:\/\/petrock.pl\/?page_id=2602\" title=\"Darkness\/Dusty Boots\">[&#8230;]<\/a><\/p>\n<\/div>","protected":false},"author":7,"featured_media":2776,"parent":0,"menu_order":0,"comment_status":"closed","ping_status":"closed","template":"","meta":[],"yoast_head":"<!-- This site is optimized with the Yoast SEO plugin v21.1 - https:\/\/yoast.com\/wordpress\/plugins\/seo\/ -->\n<title>Darkness\/Dusty Boots - P\u0142ocka Scena Rockowa<\/title>\n<meta name=\"robots\" content=\"index, follow, max-snippet:-1, max-image-preview:large, max-video-preview:-1\" \/>\n<link rel=\"canonical\" href=\"https:\/\/petrock.pl\/?page_id=2602\" \/>\n<meta property=\"og:locale\" content=\"pl_PL\" \/>\n<meta property=\"og:type\" content=\"article\" \/>\n<meta property=\"og:title\" content=\"Darkness\/Dusty Boots - P\u0142ocka Scena Rockowa\" \/>\n<meta property=\"og:description\" content=\"Zesp\u00f3\u0142 nowo-falowy, kt\u00f3ry powsta\u0142 w 1989 r. w P\u0142ocku. Trzon zespo\u0142u stanowili: Grzegorz &#8220;\u017bagiel&#8221; \u017baglewski &#8211; gitara basowa , S\u0142awek Adamski &#8211; perkusja oraz Krzysztof [...]\" \/>\n<meta property=\"og:url\" content=\"https:\/\/petrock.pl\/?page_id=2602\" \/>\n<meta property=\"og:site_name\" content=\"P\u0142ocka Scena Rockowa\" \/>\n<meta property=\"article:modified_time\" content=\"2023-09-12T13:06:04+00:00\" \/>\n<meta property=\"og:image\" content=\"https:\/\/petrock.pl\/wp-content\/uploads\/2021\/04\/Darkness_1991.jpg\" \/>\n\t<meta property=\"og:image:width\" content=\"670\" \/>\n\t<meta property=\"og:image:height\" content=\"510\" \/>\n\t<meta property=\"og:image:type\" content=\"image\/jpeg\" \/>\n<meta name=\"twitter:card\" content=\"summary_large_image\" \/>\n<meta name=\"twitter:label1\" content=\"Szacowany czas czytania\" \/>\n\t<meta name=\"twitter:data1\" content=\"3 minuty\" \/>\n<script type=\"application\/ld+json\" class=\"yoast-schema-graph\">{\"@context\":\"https:\/\/schema.org\",\"@graph\":[{\"@type\":\"WebPage\",\"@id\":\"https:\/\/petrock.pl\/?page_id=2602\",\"url\":\"https:\/\/petrock.pl\/?page_id=2602\",\"name\":\"Darkness\/Dusty Boots - P\u0142ocka Scena Rockowa\",\"isPartOf\":{\"@id\":\"https:\/\/petrock.pl\/#website\"},\"datePublished\":\"2021-04-08T08:19:42+00:00\",\"dateModified\":\"2023-09-12T13:06:04+00:00\",\"breadcrumb\":{\"@id\":\"https:\/\/petrock.pl\/?page_id=2602#breadcrumb\"},\"inLanguage\":\"pl-PL\",\"potentialAction\":[{\"@type\":\"ReadAction\",\"target\":[\"https:\/\/petrock.pl\/?page_id=2602\"]}]},{\"@type\":\"BreadcrumbList\",\"@id\":\"https:\/\/petrock.pl\/?page_id=2602#breadcrumb\",\"itemListElement\":[{\"@type\":\"ListItem\",\"position\":1,\"name\":\"Strona g\u0142\u00f3wna\",\"item\":\"https:\/\/petrock.pl\/\"},{\"@type\":\"ListItem\",\"position\":2,\"name\":\"Darkness\/Dusty Boots\"}]},{\"@type\":\"WebSite\",\"@id\":\"https:\/\/petrock.pl\/#website\",\"url\":\"https:\/\/petrock.pl\/\",\"name\":\"P\u0142ocka Scena Rockowa\",\"description\":\"Wywiady Biografie Koncerty Recenzje\",\"potentialAction\":[{\"@type\":\"SearchAction\",\"target\":{\"@type\":\"EntryPoint\",\"urlTemplate\":\"https:\/\/petrock.pl\/?s={search_term_string}\"},\"query-input\":\"required name=search_term_string\"}],\"inLanguage\":\"pl-PL\"}]}<\/script>\n<!-- \/ Yoast SEO plugin. -->","yoast_head_json":{"title":"Darkness\/Dusty Boots - P\u0142ocka Scena Rockowa","robots":{"index":"index","follow":"follow","max-snippet":"max-snippet:-1","max-image-preview":"max-image-preview:large","max-video-preview":"max-video-preview:-1"},"canonical":"https:\/\/petrock.pl\/?page_id=2602","og_locale":"pl_PL","og_type":"article","og_title":"Darkness\/Dusty Boots - P\u0142ocka Scena Rockowa","og_description":"Zesp\u00f3\u0142 nowo-falowy, kt\u00f3ry powsta\u0142 w 1989 r. w P\u0142ocku. Trzon zespo\u0142u stanowili: Grzegorz &#8220;\u017bagiel&#8221; \u017baglewski &#8211; gitara basowa , S\u0142awek Adamski &#8211; perkusja oraz Krzysztof [...]","og_url":"https:\/\/petrock.pl\/?page_id=2602","og_site_name":"P\u0142ocka Scena Rockowa","article_modified_time":"2023-09-12T13:06:04+00:00","og_image":[{"width":670,"height":510,"url":"https:\/\/petrock.pl\/wp-content\/uploads\/2021\/04\/Darkness_1991.jpg","type":"image\/jpeg"}],"twitter_card":"summary_large_image","twitter_misc":{"Szacowany czas czytania":"3 minuty"},"schema":{"@context":"https:\/\/schema.org","@graph":[{"@type":"WebPage","@id":"https:\/\/petrock.pl\/?page_id=2602","url":"https:\/\/petrock.pl\/?page_id=2602","name":"Darkness\/Dusty Boots - P\u0142ocka Scena Rockowa","isPartOf":{"@id":"https:\/\/petrock.pl\/#website"},"datePublished":"2021-04-08T08:19:42+00:00","dateModified":"2023-09-12T13:06:04+00:00","breadcrumb":{"@id":"https:\/\/petrock.pl\/?page_id=2602#breadcrumb"},"inLanguage":"pl-PL","potentialAction":[{"@type":"ReadAction","target":["https:\/\/petrock.pl\/?page_id=2602"]}]},{"@type":"BreadcrumbList","@id":"https:\/\/petrock.pl\/?page_id=2602#breadcrumb","itemListElement":[{"@type":"ListItem","position":1,"name":"Strona g\u0142\u00f3wna","item":"https:\/\/petrock.pl\/"},{"@type":"ListItem","position":2,"name":"Darkness\/Dusty Boots"}]},{"@type":"WebSite","@id":"https:\/\/petrock.pl\/#website","url":"https:\/\/petrock.pl\/","name":"P\u0142ocka Scena Rockowa","description":"Wywiady Biografie Koncerty Recenzje","potentialAction":[{"@type":"SearchAction","target":{"@type":"EntryPoint","urlTemplate":"https:\/\/petrock.pl\/?s={search_term_string}"},"query-input":"required name=search_term_string"}],"inLanguage":"pl-PL"}]}},"_links":{"self":[{"href":"https:\/\/petrock.pl\/index.php?rest_route=\/wp\/v2\/pages\/2602"}],"collection":[{"href":"https:\/\/petrock.pl\/index.php?rest_route=\/wp\/v2\/pages"}],"about":[{"href":"https:\/\/petrock.pl\/index.php?rest_route=\/wp\/v2\/types\/page"}],"author":[{"embeddable":true,"href":"https:\/\/petrock.pl\/index.php?rest_route=\/wp\/v2\/users\/7"}],"replies":[{"embeddable":true,"href":"https:\/\/petrock.pl\/index.php?rest_route=%2Fwp%2Fv2%2Fcomments&post=2602"}],"version-history":[{"count":66,"href":"https:\/\/petrock.pl\/index.php?rest_route=\/wp\/v2\/pages\/2602\/revisions"}],"predecessor-version":[{"id":3890,"href":"https:\/\/petrock.pl\/index.php?rest_route=\/wp\/v2\/pages\/2602\/revisions\/3890"}],"wp:featuredmedia":[{"embeddable":true,"href":"https:\/\/petrock.pl\/index.php?rest_route=\/wp\/v2\/media\/2776"}],"wp:attachment":[{"href":"https:\/\/petrock.pl\/index.php?rest_route=%2Fwp%2Fv2%2Fmedia&parent=2602"}],"curies":[{"name":"wp","href":"https:\/\/api.w.org\/{rel}","templated":true}]}}