{"id":4045,"date":"2024-12-15T14:34:11","date_gmt":"2024-12-15T12:34:11","guid":{"rendered":"https:\/\/petrock.pl\/?page_id=4045"},"modified":"2025-02-08T19:06:12","modified_gmt":"2025-02-08T17:06:12","slug":"fork","status":"publish","type":"page","link":"https:\/\/petrock.pl\/?page_id=4045","title":{"rendered":"Fork"},"content":{"rendered":"\n<div class=\"is-layout-flex wp-container-13 wp-block-columns wp-embed-aspect-16-9 wp-has-aspect-ratio\">\n<div class=\"is-layout-flow wp-block-column\" style=\"flex-basis:33.33%\">\n<figure class=\"is-layout-flex wp-block-gallery-1 wp-block-gallery has-nested-images columns-default is-cropped\">\n<figure class=\"wp-block-image size-large\"><a href=\"https:\/\/petrock.pl\/wp-content\/uploads\/2024\/12\/fork-1.jpg\"><img decoding=\"async\" loading=\"lazy\" width=\"1024\" height=\"576\" src=\"https:\/\/petrock.pl\/wp-content\/uploads\/2024\/12\/fork-1-1024x576.jpg\" alt=\"\" class=\"wp-image-4079\" srcset=\"https:\/\/petrock.pl\/wp-content\/uploads\/2024\/12\/fork-1-1024x576.jpg 1024w, https:\/\/petrock.pl\/wp-content\/uploads\/2024\/12\/fork-1-300x169.jpg 300w, https:\/\/petrock.pl\/wp-content\/uploads\/2024\/12\/fork-1-768x432.jpg 768w, https:\/\/petrock.pl\/wp-content\/uploads\/2024\/12\/fork-1-678x381.jpg 678w, https:\/\/petrock.pl\/wp-content\/uploads\/2024\/12\/fork-1.jpg 1280w\" sizes=\"(max-width: 1024px) 100vw, 1024px\" \/><\/a><\/figure>\n<\/figure>\n\n\n\n<figure class=\"is-layout-flex wp-block-gallery-3 wp-block-gallery has-nested-images columns-default is-cropped\">\n<figure class=\"wp-block-image size-full\"><a href=\"https:\/\/petrock.pl\/wp-content\/uploads\/2024\/12\/fork-2.jpg\"><img decoding=\"async\" loading=\"lazy\" width=\"960\" height=\"947\" src=\"https:\/\/petrock.pl\/wp-content\/uploads\/2024\/12\/fork-2.jpg\" alt=\"\" class=\"wp-image-4081\" srcset=\"https:\/\/petrock.pl\/wp-content\/uploads\/2024\/12\/fork-2.jpg 960w, https:\/\/petrock.pl\/wp-content\/uploads\/2024\/12\/fork-2-300x296.jpg 300w, https:\/\/petrock.pl\/wp-content\/uploads\/2024\/12\/fork-2-768x758.jpg 768w\" sizes=\"(max-width: 960px) 100vw, 960px\" \/><\/a><\/figure>\n<\/figure>\n\n\n\n<figure class=\"is-layout-flex wp-block-gallery-5 wp-block-gallery has-nested-images columns-default is-cropped\">\n<figure class=\"wp-block-image size-large\"><a href=\"https:\/\/petrock.pl\/wp-content\/uploads\/2025\/02\/1-1.jpg\"><img decoding=\"async\" loading=\"lazy\" width=\"679\" height=\"1024\" src=\"https:\/\/petrock.pl\/wp-content\/uploads\/2025\/02\/1-1-679x1024.jpg\" alt=\"\" class=\"wp-image-4702\" srcset=\"https:\/\/petrock.pl\/wp-content\/uploads\/2025\/02\/1-1-679x1024.jpg 679w, https:\/\/petrock.pl\/wp-content\/uploads\/2025\/02\/1-1-199x300.jpg 199w, https:\/\/petrock.pl\/wp-content\/uploads\/2025\/02\/1-1-768x1158.jpg 768w, https:\/\/petrock.pl\/wp-content\/uploads\/2025\/02\/1-1.jpg 972w\" sizes=\"(max-width: 679px) 100vw, 679px\" \/><\/a><\/figure>\n<\/figure>\n\n\n\n<figure class=\"is-layout-flex wp-block-gallery-7 wp-block-gallery has-nested-images columns-default is-cropped\">\n<figure class=\"wp-block-image size-large\"><a href=\"https:\/\/petrock.pl\/wp-content\/uploads\/2025\/02\/2-1.jpg\"><img decoding=\"async\" loading=\"lazy\" width=\"701\" height=\"1024\" src=\"https:\/\/petrock.pl\/wp-content\/uploads\/2025\/02\/2-1-701x1024.jpg\" alt=\"\" class=\"wp-image-4700\" srcset=\"https:\/\/petrock.pl\/wp-content\/uploads\/2025\/02\/2-1-701x1024.jpg 701w, https:\/\/petrock.pl\/wp-content\/uploads\/2025\/02\/2-1-206x300.jpg 206w, https:\/\/petrock.pl\/wp-content\/uploads\/2025\/02\/2-1-768x1121.jpg 768w, https:\/\/petrock.pl\/wp-content\/uploads\/2025\/02\/2-1.jpg 996w\" sizes=\"(max-width: 701px) 100vw, 701px\" \/><\/a><\/figure>\n<\/figure>\n\n\n\n<figure class=\"is-layout-flex wp-block-gallery-9 wp-block-gallery has-nested-images columns-default is-cropped\">\n<figure class=\"wp-block-image size-large\"><a href=\"https:\/\/petrock.pl\/wp-content\/uploads\/2025\/02\/3.jpg\"><img decoding=\"async\" loading=\"lazy\" width=\"1024\" height=\"706\" src=\"https:\/\/petrock.pl\/wp-content\/uploads\/2025\/02\/3-1024x706.jpg\" alt=\"\" class=\"wp-image-4705\" srcset=\"https:\/\/petrock.pl\/wp-content\/uploads\/2025\/02\/3-1024x706.jpg 1024w, https:\/\/petrock.pl\/wp-content\/uploads\/2025\/02\/3-300x207.jpg 300w, https:\/\/petrock.pl\/wp-content\/uploads\/2025\/02\/3-768x529.jpg 768w, https:\/\/petrock.pl\/wp-content\/uploads\/2025\/02\/3.jpg 1473w\" sizes=\"(max-width: 1024px) 100vw, 1024px\" \/><\/a><\/figure>\n<\/figure>\n<\/div>\n\n\n\n<div class=\"is-layout-flow wp-block-column\" style=\"flex-basis:66.66%\">\n<p>Zesp\u00f3\u0142 hardcore&#8217;owy powsta\u0142y w P\u0142ocku w 1997 roku z inicjatywy Artura &#8220;Brod\u0119&#8221; Paprockiego (gitara), Darka Karczewskiego (bas) oraz Rafa\u0142a &#8220;Szkiela&#8221; Strzemiecznego (wokal). Chwil\u0119 po zawi\u0105zaniu bandu, ch\u0142opaki zaprosili do wsp\u00f3lnego muzykowania perkusist\u0119 Piotra &#8220;Jawora&#8221; Jaworskiego. W tym sk\u0142adzie ekipa zacz\u0119\u0142a swoje pierwsze pr\u00f3by w Sp\u00f3\u0142dzielczym Domu Kultury inspiruj\u0105c si\u0119 dokonaniami takich band\u00f3w jak Merauder, Korn czy Biohazard. Ciekawostk\u0105 jest jak ch\u0142opaki wpadli na pomys\u0142 nazwania bandu. Zosta\u0142a ona zaczerpni\u0119ta z&#8230;  programu edukacyjnego z nauk\u0105 j\u0119zyka angielskiego. Kiedy ju\u017c powsta\u0142y pierwsze kompozycje ograne w pr\u00f3bowni Sp\u00f3\u0142dzielczego Domu Kultury w P\u0142ocku, ekipie nie pozosta\u0142o nic innego jak zaprezentowa\u0107 je publicznie. Debiut sceniczny odby\u0142 si\u0119 w Zespole Szk\u00f3\u0142 Budowlanych w P\u0142ocku. Po nim by\u0142 jeszcze koncert w Sp\u00f3\u0142dzielni na Mi\u0119dzytorzu oraz w knajpie Na Skarpie, nazwy kt\u00f3rej nikt z zespo\u0142u ju\u017c nie pami\u0119ta. Po niespe\u0142na roku dzia\u0142alno\u015bci w zespole nast\u0105pi\u0142y roszady kadrowe. Wokalist\u0119 Szkiela zast\u0105pi\u0142 Pawe\u0142 &#8220;Olo&#8221; Olecki, a na gitar\u0119 basow\u0105 wskoczy\u0142 Robert Bry\u015b. Wi\u0119cej zmian personalnych do ko\u0144ca dzia\u0142alno\u015bci zespo\u0142u FORK ju\u017c nie by\u0142o. <\/p>\n\n\n\n<p>W nowym sk\u0142adzie zesp\u00f3\u0142 wzi\u0105\u0142 si\u0119 powa\u017cnie do pracy nad materia\u0142em i tego samego roku (1998) ch\u0142opaki udali si\u0119 do Soko\u0142owa Podlaskiego by nagra\u0107 sw\u00f3j debiutancki materia\u0142 demo, kt\u00f3ry zosta\u0142 zatytu\u0142owany One Bullet. Zesp\u00f3\u0142 rozprowadza\u0142 go g\u0142\u00f3wnie w\u015br\u00f3d znajomych, dzi\u0119ki czemu poczt\u0105 pantoflow\u0105 trafia\u0142 r\u00f3wnie\u017c do organizator\u00f3w koncert\u00f3w. Poskutkowa\u0142o to zaproszeniem FORKu m.in. trzykrotnie do p\u0142ockiego klubu Rock&#8217;69, pubu Camelot (przed Schizm\u0105) oraz Centrum nad Wis\u0142\u0105 jako support zespo\u0142u Pudelsi. <\/p>\n\n\n\n<p>Wa\u017cnym punktem w historii zespo\u0142u by\u0142o zaj\u0119cie I miejsca podczas  przegl\u0105du zespo\u0142\u00f3w rockowych w Sierpcu (11.12.1999). Opr\u00f3cz tego, \u017ce FORK zosta\u0142 uznany za najlepszy band tego wydarzenia, to dodatkowo Broda, Jawor i Bry\u015b zostali uznani najlepszymi muzykami przegl\u0105du.<\/p>\n\n\n\n<p>W 2000 roku zesp\u00f3\u0142 ponownie zameldowa\u0142 si\u0119 w studio nagraniowym by zarejestrowa\u0107 materia\u0142, kt\u00f3ry ostatecznie znalaz\u0142 si\u0119 na demo &#8220;Dlaczego&#8221;. Tym razem sesja nagraniowa odby\u0142a si\u0119 we W\u0142oc\u0142awku. <\/p>\n\n\n\n<p>Chwile po nagraniu drugiej &#8220;dem\u00f3wki&#8221; i zagraniu kilku koncert\u00f3w, w zespole zacz\u0119\u0142y pojawia\u0107 si\u0119 rozbie\u017cno\u015bci odno\u015bnie dalszego funkcjonowania bandu. Ch\u0142opaki mieli r\u00f3\u017cne wizje dotycz\u0105ce dalszej dzia\u0142alno\u015bci oraz kierunku rozwoju. W zwi\u0105zku z niemo\u017cliwo\u015bci\u0105 osi\u0105gni\u0119cia konsensusu najpierw z zespo\u0142em po\u017cegna\u0142 si\u0119 Bry\u015b, a chwil\u0119 p\u00f3\u017aniej FORK opu\u015bci\u0142 Olo i Jawor. Zesp\u00f3\u0142 przesta\u0142 istnie\u0107. <\/p>\n\n\n\n<hr class=\"wp-block-separator has-alpha-channel-opacity\"\/>\n\n\n\n<p><strong>Ostatni sk\u0142ad:<\/strong><\/p>\n\n\n\n<p>Artur Paprocki &#8211; gitara<\/p>\n\n\n\n<p>Piotr &#8220;Jawor&#8221; Jaworski &#8211; perkusja<\/p>\n\n\n\n<p>Pawe\u0142 &#8220;Olo&#8221; Olecki &#8211; wokal<\/p>\n\n\n\n<p>Robert Bry\u015b &#8211; bas<\/p>\n\n\n\n<hr class=\"wp-block-separator has-alpha-channel-opacity\"\/>\n\n\n\n<p><strong>Byli cz\u0142onkowie:<\/strong><\/p>\n\n\n\n<p>Darek Karczewski &#8211; bas<\/p>\n\n\n\n<p>Rafa\u0142 &#8220;Szkielo&#8221; Strzemieczny &#8211; wokal<\/p>\n<\/div>\n<\/div>\n\n\n\n<hr class=\"wp-block-separator has-alpha-channel-opacity\"\/>\n\n\n\n<p><em>Wszystkie fotki dzi\u0119ki uprzejmo\u015bci Paw\u0142a &#8220;Ola&#8221; Oleckiego. Nagrania demo dzi\u0119ki uprzejmo\u015bci Roberta Brysia. Dzi\u0119ki dla Szkiela, Ola i Brysia za pomoc w napisaniu biografii zespo\u0142u FORK.<\/em><\/p>\n\n\n\n<hr class=\"wp-block-separator has-css-opacity wp-embed-aspect-16-9 wp-has-aspect-ratio\"\/>\n\n\n\n<p class=\"wp-embed-aspect-16-9 wp-has-aspect-ratio\">Dyskografia:<\/p>\n\n\n\n<figure class=\"wp-block-table wp-embed-aspect-16-9 wp-has-aspect-ratio\"><table><tbody><tr><td>Dlaczego? (demo) (do ods\u0142uchu <a href=\"https:\/\/plockascenarockowa.bandcamp.com\/album\/fork-dlaczego-2000-demo\" target=\"_blank\" rel=\"noreferrer noopener\">tutaj<\/a>)<\/td><td>1998 r.<\/td><\/tr><tr><td>One Bullet (demo) (do ods\u0142uchu <a href=\"https:\/\/plockascenarockowa.bandcamp.com\/album\/fork-one-bullet-1998-demo\" target=\"_blank\" rel=\"noreferrer noopener\">tutaj<\/a>)<\/td><td>2000 r. <\/td><\/tr><\/tbody><\/table><\/figure>\n","protected":false},"excerpt":{"rendered":"<div class=\"mh-excerpt\"><p>Zesp\u00f3\u0142 hardcore&#8217;owy powsta\u0142y w P\u0142ocku w 1997 roku z inicjatywy Artura &#8220;Brod\u0119&#8221; Paprockiego (gitara), Darka Karczewskiego (bas) oraz Rafa\u0142a &#8220;Szkiela&#8221; Strzemiecznego (wokal). Chwil\u0119 po zawi\u0105zaniu <a class=\"mh-excerpt-more\" href=\"https:\/\/petrock.pl\/?page_id=4045\" title=\"Fork\">[&#8230;]<\/a><\/p>\n<\/div>","protected":false},"author":7,"featured_media":4079,"parent":0,"menu_order":0,"comment_status":"closed","ping_status":"closed","template":"","meta":[],"yoast_head":"<!-- This site is optimized with the Yoast SEO plugin v21.1 - https:\/\/yoast.com\/wordpress\/plugins\/seo\/ -->\n<title>Fork - P\u0142ocka Scena Rockowa<\/title>\n<meta name=\"robots\" content=\"index, follow, max-snippet:-1, max-image-preview:large, max-video-preview:-1\" \/>\n<link rel=\"canonical\" href=\"https:\/\/petrock.pl\/?page_id=4045\" \/>\n<meta property=\"og:locale\" content=\"pl_PL\" \/>\n<meta property=\"og:type\" content=\"article\" \/>\n<meta property=\"og:title\" content=\"Fork - P\u0142ocka Scena Rockowa\" \/>\n<meta property=\"og:description\" content=\"Zesp\u00f3\u0142 hardcore&#8217;owy powsta\u0142y w P\u0142ocku w 1997 roku z inicjatywy Artura &#8220;Brod\u0119&#8221; Paprockiego (gitara), Darka Karczewskiego (bas) oraz Rafa\u0142a &#8220;Szkiela&#8221; Strzemiecznego (wokal). Chwil\u0119 po zawi\u0105zaniu [...]\" \/>\n<meta property=\"og:url\" content=\"https:\/\/petrock.pl\/?page_id=4045\" \/>\n<meta property=\"og:site_name\" content=\"P\u0142ocka Scena Rockowa\" \/>\n<meta property=\"article:modified_time\" content=\"2025-02-08T17:06:12+00:00\" \/>\n<meta property=\"og:image\" content=\"https:\/\/petrock.pl\/wp-content\/uploads\/2024\/12\/fork-1.jpg\" \/>\n\t<meta property=\"og:image:width\" content=\"1280\" \/>\n\t<meta property=\"og:image:height\" content=\"720\" \/>\n\t<meta property=\"og:image:type\" content=\"image\/jpeg\" \/>\n<meta name=\"twitter:card\" content=\"summary_large_image\" \/>\n<meta name=\"twitter:label1\" content=\"Szacowany czas czytania\" \/>\n\t<meta name=\"twitter:data1\" content=\"4 minuty\" \/>\n<script type=\"application\/ld+json\" class=\"yoast-schema-graph\">{\"@context\":\"https:\/\/schema.org\",\"@graph\":[{\"@type\":\"WebPage\",\"@id\":\"https:\/\/petrock.pl\/?page_id=4045\",\"url\":\"https:\/\/petrock.pl\/?page_id=4045\",\"name\":\"Fork - P\u0142ocka Scena Rockowa\",\"isPartOf\":{\"@id\":\"https:\/\/petrock.pl\/#website\"},\"datePublished\":\"2024-12-15T12:34:11+00:00\",\"dateModified\":\"2025-02-08T17:06:12+00:00\",\"breadcrumb\":{\"@id\":\"https:\/\/petrock.pl\/?page_id=4045#breadcrumb\"},\"inLanguage\":\"pl-PL\",\"potentialAction\":[{\"@type\":\"ReadAction\",\"target\":[\"https:\/\/petrock.pl\/?page_id=4045\"]}]},{\"@type\":\"BreadcrumbList\",\"@id\":\"https:\/\/petrock.pl\/?page_id=4045#breadcrumb\",\"itemListElement\":[{\"@type\":\"ListItem\",\"position\":1,\"name\":\"Strona g\u0142\u00f3wna\",\"item\":\"https:\/\/petrock.pl\/\"},{\"@type\":\"ListItem\",\"position\":2,\"name\":\"Fork\"}]},{\"@type\":\"WebSite\",\"@id\":\"https:\/\/petrock.pl\/#website\",\"url\":\"https:\/\/petrock.pl\/\",\"name\":\"P\u0142ocka Scena Rockowa\",\"description\":\"Wywiady Biografie Koncerty Recenzje\",\"potentialAction\":[{\"@type\":\"SearchAction\",\"target\":{\"@type\":\"EntryPoint\",\"urlTemplate\":\"https:\/\/petrock.pl\/?s={search_term_string}\"},\"query-input\":\"required name=search_term_string\"}],\"inLanguage\":\"pl-PL\"}]}<\/script>\n<!-- \/ Yoast SEO plugin. -->","yoast_head_json":{"title":"Fork - P\u0142ocka Scena Rockowa","robots":{"index":"index","follow":"follow","max-snippet":"max-snippet:-1","max-image-preview":"max-image-preview:large","max-video-preview":"max-video-preview:-1"},"canonical":"https:\/\/petrock.pl\/?page_id=4045","og_locale":"pl_PL","og_type":"article","og_title":"Fork - P\u0142ocka Scena Rockowa","og_description":"Zesp\u00f3\u0142 hardcore&#8217;owy powsta\u0142y w P\u0142ocku w 1997 roku z inicjatywy Artura &#8220;Brod\u0119&#8221; Paprockiego (gitara), Darka Karczewskiego (bas) oraz Rafa\u0142a &#8220;Szkiela&#8221; Strzemiecznego (wokal). Chwil\u0119 po zawi\u0105zaniu [...]","og_url":"https:\/\/petrock.pl\/?page_id=4045","og_site_name":"P\u0142ocka Scena Rockowa","article_modified_time":"2025-02-08T17:06:12+00:00","og_image":[{"width":1280,"height":720,"url":"https:\/\/petrock.pl\/wp-content\/uploads\/2024\/12\/fork-1.jpg","type":"image\/jpeg"}],"twitter_card":"summary_large_image","twitter_misc":{"Szacowany czas czytania":"4 minuty"},"schema":{"@context":"https:\/\/schema.org","@graph":[{"@type":"WebPage","@id":"https:\/\/petrock.pl\/?page_id=4045","url":"https:\/\/petrock.pl\/?page_id=4045","name":"Fork - P\u0142ocka Scena Rockowa","isPartOf":{"@id":"https:\/\/petrock.pl\/#website"},"datePublished":"2024-12-15T12:34:11+00:00","dateModified":"2025-02-08T17:06:12+00:00","breadcrumb":{"@id":"https:\/\/petrock.pl\/?page_id=4045#breadcrumb"},"inLanguage":"pl-PL","potentialAction":[{"@type":"ReadAction","target":["https:\/\/petrock.pl\/?page_id=4045"]}]},{"@type":"BreadcrumbList","@id":"https:\/\/petrock.pl\/?page_id=4045#breadcrumb","itemListElement":[{"@type":"ListItem","position":1,"name":"Strona g\u0142\u00f3wna","item":"https:\/\/petrock.pl\/"},{"@type":"ListItem","position":2,"name":"Fork"}]},{"@type":"WebSite","@id":"https:\/\/petrock.pl\/#website","url":"https:\/\/petrock.pl\/","name":"P\u0142ocka Scena Rockowa","description":"Wywiady Biografie Koncerty Recenzje","potentialAction":[{"@type":"SearchAction","target":{"@type":"EntryPoint","urlTemplate":"https:\/\/petrock.pl\/?s={search_term_string}"},"query-input":"required name=search_term_string"}],"inLanguage":"pl-PL"}]}},"_links":{"self":[{"href":"https:\/\/petrock.pl\/index.php?rest_route=\/wp\/v2\/pages\/4045"}],"collection":[{"href":"https:\/\/petrock.pl\/index.php?rest_route=\/wp\/v2\/pages"}],"about":[{"href":"https:\/\/petrock.pl\/index.php?rest_route=\/wp\/v2\/types\/page"}],"author":[{"embeddable":true,"href":"https:\/\/petrock.pl\/index.php?rest_route=\/wp\/v2\/users\/7"}],"replies":[{"embeddable":true,"href":"https:\/\/petrock.pl\/index.php?rest_route=%2Fwp%2Fv2%2Fcomments&post=4045"}],"version-history":[{"count":71,"href":"https:\/\/petrock.pl\/index.php?rest_route=\/wp\/v2\/pages\/4045\/revisions"}],"predecessor-version":[{"id":4734,"href":"https:\/\/petrock.pl\/index.php?rest_route=\/wp\/v2\/pages\/4045\/revisions\/4734"}],"wp:featuredmedia":[{"embeddable":true,"href":"https:\/\/petrock.pl\/index.php?rest_route=\/wp\/v2\/media\/4079"}],"wp:attachment":[{"href":"https:\/\/petrock.pl\/index.php?rest_route=%2Fwp%2Fv2%2Fmedia&parent=4045"}],"curies":[{"name":"wp","href":"https:\/\/api.w.org\/{rel}","templated":true}]}}